{"version":"1.0","provider_name":"LEGAL SMART Online Blog","provider_url":"https:\/\/www.legalsmart.de\/blog","author_name":"Guido Kluck, LL.M.","author_url":"https:\/\/www.legalsmart.de\/blog\/author\/kluck\/","title":"BAG zur Lohngleichheit f\u00fcr Minijobber | LEGAL SMART Online Blog","type":"rich","width":600,"height":338,"html":"<blockquote class=\"wp-embedded-content\" data-secret=\"Hz4qJdoKvG\"><a href=\"https:\/\/www.legalsmart.de\/blog\/bag-zur-lohngleichheit-fuer-minijobber\/\">BAG zur Lohngleichheit f\u00fcr Minijobber<\/a><\/blockquote><iframe sandbox=\"allow-scripts\" security=\"restricted\" src=\"https:\/\/www.legalsmart.de\/blog\/bag-zur-lohngleichheit-fuer-minijobber\/embed\/#?secret=Hz4qJdoKvG\" width=\"600\" height=\"338\" title=\"&#8222;BAG zur Lohngleichheit f\u00fcr Minijobber&#8220; &#8211; LEGAL SMART Online Blog\" data-secret=\"Hz4qJdoKvG\" frameborder=\"0\" marginwidth=\"0\" marginheight=\"0\" scrolling=\"no\" class=\"wp-embedded-content\"><\/iframe><script type=\"text\/javascript\">\n\/* <![CDATA[ *\/\n\/*! This file is auto-generated *\/\n!function(d,l){\"use strict\";l.querySelector&&d.addEventListener&&\"undefined\"!=typeof URL&&(d.wp=d.wp||{},d.wp.receiveEmbedMessage||(d.wp.receiveEmbedMessage=function(e){var t=e.data;if((t||t.secret||t.message||t.value)&&!\/[^a-zA-Z0-9]\/.test(t.secret)){for(var s,r,n,a=l.querySelectorAll('iframe[data-secret=\"'+t.secret+'\"]'),o=l.querySelectorAll('blockquote[data-secret=\"'+t.secret+'\"]'),c=new RegExp(\"^https?:$\",\"i\"),i=0;i<o.length;i++)o[i].style.display=\"none\";for(i=0;i<a.length;i++)s=a[i],e.source===s.contentWindow&&(s.removeAttribute(\"style\"),\"height\"===t.message?(1e3<(r=parseInt(t.value,10))?r=1e3:~~r<200&&(r=200),s.height=r):\"link\"===t.message&&(r=new URL(s.getAttribute(\"src\")),n=new URL(t.value),c.test(n.protocol))&&n.host===r.host&&l.activeElement===s&&(d.top.location.href=t.value))}},d.addEventListener(\"message\",d.wp.receiveEmbedMessage,!1),l.addEventListener(\"DOMContentLoaded\",function(){for(var e,t,s=l.querySelectorAll(\"iframe.wp-embedded-content\"),r=0;r<s.length;r++)(t=(e=s[r]).getAttribute(\"data-secret\"))||(t=Math.random().toString(36).substring(2,12),e.src+=\"#?secret=\"+t,e.setAttribute(\"data-secret\",t)),e.contentWindow.postMessage({message:\"ready\",secret:t},\"*\")},!1)))}(window,document);\n\/\/# sourceURL=https:\/\/www.legalsmart.de\/blog\/wp-includes\/js\/wp-embed.min.js\n\/* ]]> *\/\n<\/script>\n","description":"Das Bundesarbeitsgericht entschied am 18.01.2023 (Az. 5 AZR 108\/22), dass geringf\u00fcgig Besch\u00e4ftigte, die in Bezug auf Umfang und Lage der Arbeitszeit keinen Weisungen des Arbeitgebers unterliegen, keine geringere Stundenverg\u00fctung bei gleicher Qualifikation f\u00fcr die identische T\u00e4tigkeit erhalten d\u00fcrfen als Vollzeitbesch\u00e4ftigte, die verbindlich zur Arbeit eingeteilt werden."}

BAG zur Lohngleichheit für Minijobber | LEGAL SMART Online Blog

<blockquote class="wp-embedded-content" data-secret="Hz4qJdoKvG"><a href="https://www.legalsmart.de/blog/bag-zur-lohngleichheit-fuer-minijobber/">BAG zur Lohngleichheit für Minijobber</a></blockquote><iframe sandbox="allow-scripts" security="restricted" src="https://www.legalsmart.de/blog/bag-zur-lohngleichheit-fuer-minijobber/embed/#?secret=Hz4qJdoKvG" width="600" height="338" title="&#8222;BAG zur Lohngleichheit für Minijobber&#8220; &#8211; LEGAL SMART Online Blog" data-secret="Hz4qJdoKvG" frameborder="0" marginwidth="0" marginheight="0" scrolling="no" class="wp-embedded-content"></iframe><script type="text/javascript">
/* <![CDATA[ */
/*! This file is auto-generated */
!function(d,l){"use strict";l.querySelector&&d.addEventListener&&"undefined"!=typeof URL&&(d.wp=d.wp||{},d.wp.receiveEmbedMessage||(d.wp.receiveEmbedMessage=function(e){var t=e.data;if((t||t.secret||t.message||t.value)&&!/[^a-zA-Z0-9]/.test(t.secret)){for(var s,r,n,a=l.querySelectorAll('iframe[data-secret="'+t.secret+'"]'),o=l.querySelectorAll('blockquote[data-secret="'+t.secret+'"]'),c=new RegExp("^https?:$","i"),i=0;i<o.length;i++)o[i].style.display="none";for(i=0;i<a.length;i++)s=a[i],e.source===s.contentWindow&&(s.removeAttribute("style"),"height"===t.message?(1e3<(r=parseInt(t.value,10))?r=1e3:~~r<200&&(r=200),s.height=r):"link"===t.message&&(r=new URL(s.getAttribute("src")),n=new URL(t.value),c.test(n.protocol))&&n.host===r.host&&l.activeElement===s&&(d.top.location.href=t.value))}},d.addEventListener("message",d.wp.receiveEmbedMessage,!1),l.addEventListener("DOMContentLoaded",function(){for(var e,t,s=l.querySelectorAll("iframe.wp-embedded-content"),r=0;r<s.length;r++)(t=(e=s[r]).getAttribute("data-secret"))||(t=Math.random().toString(36).substring(2,12),e.src+="#?secret="+t,e.setAttribute("data-secret",t)),e.contentWindow.postMessage({message:"ready",secret:t},"*")},!1)))}(window,document);
//# sourceURL=https://www.legalsmart.de/blog/wp-includes/js/wp-embed.min.js
/* ]]> */
</script>

Das Bundesarbeitsgericht entschied am 18.01.2023 (Az. 5 AZR 108/22), dass geringfügig Beschäftigte, die in Bezug auf Umfang und Lage der Arbeitszeit keinen Weisungen des Arbeitgebers unterliegen, keine geringere Stundenvergütung bei gleicher Qualifikation für die identische Tätigkeit erhalten dürfen als Vollzeitbeschäftigte, die verbindlich zur Arbeit eingeteilt werden.
